be m(a). Let g = c + -102. Let z(f) = -f - 1. Calculate z(g).
6
Suppose 0 = 4*h - 16, -4*y = -h - 0*h + 4. Let t(u) = u**2 + 2. Let s be t(y). Let f(v) = v - 8*v**2 + v**2 + 0*v**s - 3*v**2. Calculate f(-1).
-11
Let x(v) = v**3 + 10*v**2 - 12*v + 27. Let z be x(-11). Let h be (-4)/z + (-3645)/(-513). Let r(f) = -f**3 + 6*f**2 + 8*f - 2. Give r(h).
5
Let x(u) = -u**3 - 10*u**2 - 8*u - 16. Let g be x(-9). Let s = -33 - g. Let d(w) = w + 13 + 2*w - 2*w. Give d(s).
5
Let s(m) = m**3 + 4*m**2 - 5*m + 7. Suppose -t = 5*r + 3*t + 119, -3*r - 2*t - 73 = 0. Let q be (-48)/(-132)*1089/18. Let l = q + r. Give s(l).
7
Let j = 806 - 191. Let t = 622 - j. Let s(v) = -v**3 + 6*v**2 + 8*v - 5. Determine s(t).
2
Let p(s) be the second derivative of -s**4/12 - 11*s**3/3 - 23*s**2 - 2793*s. Give p(-2).
-6
Let c(j) be the third derivative of 7*j**5/120 + 95*j**3/6 + 15*j**2 - 3*j. Let f(g) be the first derivative of c(g). Calculate f(-4).
-28
Let o(n) = -n**3 + n - 2. Let f(a) = 7*a**3 + 3*a**2 - 7*a + 12. Let q(b) = -b - 5. Let x be q(-6). Let i(j) = x*f(j) + 6*o(j). Let s = -6 + 3. Calculate i(s).
3
Let p = -1043 + 1059. Let u(g) = 2*g**2 - 33*g - 1. What is u(p)?
-17
Suppose 36*y = 66*y + 330. Suppose -3*t = -3*l - 0*l, 0 = -4*l + 2*t + 6. Let i(o) = -o**2 - 60*o + l + 47*o - 12 - 1. Determine i(y).
12
Suppose s + 3 - 10 = 4*a, -3 = -s. Let k(p) = -p**2 + 2*p - 1. Determine k(a).
-4
Let f(z) = -z**3 - 71*z**2 - 395*z - 326. Let i be f(-65). Let k(h) = -21*h**2 - 3*h - 2. Give k(i).
-20
Let x(o) be the second derivative of 2*o**2 - 1/6*o**3 + 0 - 106*o. Suppose 4*c - 5*z = 11, -z + 6*z - 21 = -4*c. Determine x(c).
0
Let v(o) = 44*o - 115. Let m be v(5). Let l be 45/m + 4/7. Let q(w) = -3*w**3 - 2*w**2 + 1. Give q(l).
-4
Let c(w) = 2*w + 14. Let j be (-2)/((-14)/28*(-20)/(-14) + 1). What is c(j)?
0
Let b(r) = r**3 + 11*r**2 + 11*r + 14. Suppose 211*a = 191*a + 72 - 272. What is b(a)?
4
Suppose -16*u = 4*c - 11*u - 35, -24 = -3*c - 3*u. Let o(k) = 45*k - 209. Determine o(c).
16
Suppose -3*m - m + 35 = 3*h, 5*h - 3*m = 97. Suppose -15 = 2*w - h. Let k(d) = 3*d + 1. Give k(w).
4
Let a(s) be the third derivative of -s**5/30 - 25*s**4/24 + 5*s**3/3 - 3026*s**2. What is a(-14)?
-32
Let f(y) = 1 - y**2 + 0 - 4*y + 4*y. Let t = 16060 + -16057. What is f(t)?
-8
Let z be (777/(-42))/37*12. Let d(q) = 13*q + 39. Calculate d(z).
-39
Let s(a) = a**2 + 19*a + 62. Suppose 12*j + 269 = -238 + 339. Determine s(j).
-8
Let n(v) = -99 - 44*v + 13 - 58*v - 52*v + 178*v. What is n(4)?
10
Let h(y) = -y**2 - 161*y + 1186. Let p be h(7). Let n(k) = -k**2 + 13*k - 25. Give n(p).
5
Let s = -10153 + 10126. Let w(l) = 2*l + 50. Give w(s).
-4
Let h(s) = 4 - 2*s**2 + 30 - 11391*s + 3*s**2 + 11402*s. What is h(-7)?
6
Let p = 189 - 157. Let h be (2 - p/10)*(-5)/2. Let w(o) be the first derivative of o**3/3 - 2*o + 2. Calculate w(h).
7
Suppose 0 = 9*d + 139 + 5. Let j = -32 - d. Let f be (-18)/30 - j/10. Let h(q) = -7*q**2 - 2*q + 1. Determine h(f).
-8
Let i be (-658)/470 - (-17)/5. Let n(a) = 11*a - 14. What is n(i)?
8
Let d(g) be the second derivative of -65*g**3/6 - 228*g**2 - 56*g + 22. Give d(-7).
-1
Let b(k) = -38*k + 5. Let s be (105/(-8) - -13)*-8. What is b(s)?
-33
Let o(f) = 2*f**2 + 26*f + 2. Let n be (140/210)/(-1 + (-4)/(-3)). Suppose -m - 4*u - 29 = 0, -3*m = n*m - 5*u + 45. Calculate o(m).
2
Let w(l) = l**2 + 18*l - 6. Let g(s) = -s**2 - 19*s + 6. Let q(r) = -5*g(r) - 6*w(r). Let o be (-13)/((-117)/(-6)) + 28/35 - (-2955)/(-225). Give q(o).
6
Let s(i) = -i**2 + i + 1. Let w = 11 - -99. Let n = w - 111. What is s(n)?
-1
Suppose 2*n = -5*y + 12, -309*n + 310*n + 8 = y. Let c(b) = -7*b - 7. Give c(y).
-35
Let n(h) be the second derivative of -h**5/20 - 5*h**4/3 + 15*h**3/2 - 17*h**2/2 + 10159*h. Give n(-22).
-39
Suppose 2*d + 18 + 2 = 0. Suppose w = 5*w + 2*a - 6, 4*a + 6 = w. Let m(p) = -p**w + 8*p**2 + 9*p + 4*p**2 - 6 + p**3. Give m(d).
4
Let n = 213 + -210. Let b(p) = -2*p**3 + 7*p**2 + 5*p**2 + p**n - 13*p**2 + 9. Calculate b(0).
9
Let c(d) = -d + 32. Suppose 97*y - 118*y = 344*y - 13140. Determine c(y).
-4
Suppose 2*v + 8 = 3*g, 4*g - 4 = 5*v - 5. Let z = -3 - -6. Let h(x) = 5 - z + 0 - 6 + x. Give h(g).
2
Suppose 68*l + 1201 - 385 = 0. Let h(m) = m**3 + 10*m**2 - 9*m + 178. Determine h(l).
-2
Let p(r) = 11*r**2 - r - 1. Let d(a) = -2*a**3 - 4*a**2 + 72*a + 21. Let z(h) = -d(h) - 2*p(h). Give z(12).
5
Suppose -30 = -7*a + 2*a. Let t(g) = 14*g**2 + 4*g**2 - g**3 - 22*g + a*g + 10 - 2*g**2. Let r be t(15). Let d(w) = -2*w - 4. What is d(r)?
6
Let t(c) = -c**2 + 9*c - 7. Let b(a) = -2*a**2 - 4*a + 50. Let w be b(-6). Let p = w - -6. What is t(p)?
1
Let y(q) = 4*q + 4. Let w = -620 - -1010. Let u = 391 - w. Determine y(u).
8
Let m(f) = 13*f + 23. Let r be (-64)/30 + ((-176)/(-165))/8. What is m(r)?
-3
Suppose c = 5*v - 23, -4*v + v + 19 = 2*c. Suppose 2*g - v*u = 105, -2*g + 2*u + u = -103. Let t(d) = 98 - 47 + d - g. What is t(2)?
3
Let i(b) = -2*b**3 - b + 23. Let u(z) = -7*z**3 - z**2 - 4*z + 77. Let n(r) = 10*i(r) - 3*u(r). Suppose -3*a - 2*t - 10 = 3, t = 2*a + 4. Give n(a).
-7
Suppose 11*y + 13 + 9 = 0. Let i(n) = 4*n**3 + n + 1. Let r(o) = -6*o**3 + 4*o**2 + 2*o + 1. Let z(h) = -2*i(h) - r(h). What is z(y)?
5
Let n = -6 - -8. Let p(t) = -t**n + t**2 + 7*t + t**2 + 7. Let u be ((-40)/32)/(1/4). Calculate p(u).
-3
Let d(w) = 19*w**2 + 6*w + 18. Let v(n) = -16*n**2 - 7*n - 20. Let j(q) = 4*d(q) + 5*v(q). Determine j(-4).
-48
Let g(y) = 3*y**2 - 12*y - 10. Let m(c) = 2*c**2 - 8*c - 7. Let w = 3 + -35. Let h be 1/(w/(-10) + -3). Let t(q) = h*g(q) - 7*m(q). Give t(2).
-5
Let m(b) = -b**3 - 8*b**2 - 8 - 18*b**2 + 5*b + 19*b**2 + 2*b**3. Determine m(6).
-14
Let w(d) be the third derivative of -29*d**4/24 + 24*d**3 - 116*d**2. Let a be w(5). Let n(s) = 2*s**2 + 1. What is n(a)?
3
Let y(d) = -d**2 - 14*d + 110. Let s be y(-19). Let f(a) = -3*a**2 + 47*a - 10. Give f(s).
20
Let u = -351 - -353. Let j(d) = -2611*d**2 + 2 + 5216*d**2 - 2608*d**u + 2*d. Let l = 5 - 3. Give j(l).
-6
Let q(x) = -15*x**2 + 10*x - 10. Let f = -8152 - -8155. Give q(f).
-115
Let l(q) = -2*q**2 + 12*q - 19. Let x = 393 - 387. Calculate l(x).
-19
Let w(d) = -d**2 + 12*d + 9*d + 6 - 32*d + 0*d**2 + 13*d. Calculate w(6).
-18
Let x(c) = 7*c**3 + 41*c**2 + 4*c - 99. Let r(g) = -11*g**3 - 42*g**2 - 5*g + 100. Let l(z) = 2*r(z) + 3*x(z). Give l(39).
-19
Let v(j) = -5*j**2 + j**2 + 6*j**2 - 4 - 5*j**2 - j**3. Suppose m = -u + 23, -2*u + 25 = -8*m + 3*m. Suppose d - 3 = -5*r - 17, 5*r + u = 5*d. Give v(r).
-4
Let n be (-54 - 0 - 4) + 1. Let u = -58 - n. Let q(g) = 19*g. Let p(i) = -2*i. Let h(m) = -6*p(m) - q(m). What is h(u)?
7
Let f(c) = 8*c - 7. Suppose -17 = -p - 23. Let w(s) = 2*s - 2. Let j(m) = p*f(m) + 22*w(m). Give j(-4).
14
Let k(s) = -s**3 - 58*s**2 + 39*s - 3. Let t(l) = l**3 + 67*l**2 - 41*l + 4. Let q(r) = -6*k(r) - 5*t(r). Determine q(-15).
-17
Let r(a) = 18*a**3 - 19*a**2 - 94*a - 153. Let c(x) = -13*x**3 + 15*x**2 + 70*x + 115. Let u(h) = -11*c(h) - 8*r(h). What is u(-12)?
31
Let g(j) be the second derivative of -j**3/6 + 2*j**2 + 64558*j. Suppose -4*l + 3*l + 3*s - 14 = 0, l - 2*s = -10. Calculate g(l).
6
Suppose -23 = m - 32. Let r(h) = h**3 - 9*h**2 + h + 3. Give r(m).
12
Suppose -4*a - 11 = 3*p, 2*a = 21 - 13. Let i be 2*((-63)/14)/p. Let r(n) = 0*n**3 - 1 - 4*n**3 - n**3. Calculate r(i).
-6
Let p(i) = 68*i + 62. Let c(t) = -15*t - 15. Let r(b) = 9*c(b) + 2*p(b). What is r(-6)?
-17
Let l(z) be the first derivative of 42 - 1/3*z**3 + 1/60*z**5 + 15/2*z**2 + 0*z + 1/6*z**4. Let t(o) be the second derivative of l(o). Give t(-4).
-2
Let k(s) be the third derivative of 0*s - 1/60*s**5 + 3/2*s**3 - 1/3*s**4 + 0 + 32*s**2. Determine k(-8).
9
Let l(w) = -w**2 + 6*w - 4. Let p(k) = -k**3 + k**2 + 160. Let x be p(0). Suppose 13*m = -19*m + x. What is l(m)?
1
Let a be (2/(-8))/((-32)/2944). Suppose 12*x - z - a = 15*x, z - 1 = 0. Let r(n) = 4*n + 5. What is r(x)?
-27
Let s = 86 - 303. Let r = -142 - s. Let h(c) = 31*c - r*c + 33*c. Give h(-2).
22
Let f(w) = 22 + 7*w + 14*w + 17*w + 6*w - 51*w. Let p(v) = -3*v + 9. Let t(r) = 2*f(r) - 5*p(r). Calculate t(4).
3
Suppose 5*m = -4*x - 29, -132*x - m = -129*x + 8. Let o(s) = -39*s - 2. Give o(x).
37
Let j(f) = -2*f**2 + 44*f + 98. Let s(i) = 3*i**2 + 40*i + 92. 